be ((-12)/36)/(4/(-22248)). Calculate the greatest common divisor of 18 and g.
18
Let p(s) = -s + 5. Let l(i) = 1. Let z(x) = -2*l(x) - p(x). Let u be z(-6). Let h = -9 - u. Calculate the greatest common factor of 12 and h.
4
Let a = 1224 - 1210. What is the greatest common divisor of 189 and a?
7
Let d(k) = 29*k - 35. Let y be d(38). What is the highest common divisor of 11 and y?
11
Suppose -20 = -2*f - 0*f. Let c(w) = -w**2 + 23*w + 17. Let j be c(13). Let x be j/6 - 1/(-2). Calculate the highest common divisor of x and f.
5
Let y be (-6)/(4/((-16)/(-3))). Let p = y - -11. Suppose -5*v + 175 = -0*v - p*x, 4*v = 5*x + 127. Calculate the highest common factor of 57 and v.
19
Let s = 146 + -82. Calculate the greatest common factor of s and 4.
4
Let n = -131 - -83. Let d be (2 - (1 - 0))*n. Let i be d/(-5) - (-2)/5. Calculate the greatest common divisor of 15 and i.
5
Let o be (18/(-9))/(-2 + 1). Let b be -2 - -2 - (0 - 2). Suppose -b*g - o*g = -176. Calculate the greatest common factor of g and 4.
4
Let v(x) = 35*x + 1. Let y be v(7). Suppose 8*c - y = 6*c. Suppose c = 4*u - n, 12 = u - 4*n - 0*n. What is the greatest common divisor of u and 80?
16
Let s(v) = -11*v + 1. Let m be s(2). Let j = m + 19. Let o = 14 + j. Calculate the greatest common divisor of o and 12.
12
Let x be 12/(3/1)*1. Let l be 80/15 + 4/6. Suppose l*w - w + d - 50 = 0, x*w - 31 = d. Calculate the highest common divisor of w and 81.
9
Let i = 10 + -10. Suppose -3*b + 2 - 5 = i. Let w(l) = -6*l**3 + l**2. Let y be w(b). Calculate the greatest common divisor of y and 56.
7
Let y(d) = 231*d**3 + d**2 - 2*d + 1. Suppose -3*v + 13 - 10 = 0. Let p be y(v). Calculate the highest common divisor of p and 33.
33
Let w be (-2)/(-4)*(7 - -83). Calculate the greatest common divisor of w and 36.
9
Let n be 3 + (-28)/154 + 717/11. What is the greatest common factor of 51 and n?
17
Let j be (-2)/(-1 - 6/(-10)). Let u(z) = 2*z**2 - 7*z + 9. Let s be u(j). What is the greatest common divisor of s and 3?
3
Let n(l) = l**3 - 2*l**2 + l + 7. Suppose -17*k + 21*k = 0. Let u be n(k). What is the highest common divisor of 14 and u?
7
Suppose -252 = -p + 18. Let l = p + -138. What is the greatest common factor of l and 12?
12
Let h be (-6)/(-18)*57 + 0 + 0. What is the greatest common divisor of 437 and h?
19
Let s be 28/4 + (-2)/1. Suppose -5*k + 229 = -n, 16 = k + 5*n - 35. Let b = k + -1. Calculate the highest common factor of b and s.
5
Suppose 3*k + 0*k = 0. Suppose -6*q + 2*q + 12 = k, -2*m = 5*q - 47. Suppose -294*t = -309*t + 120. What is the greatest common divisor of m and t?
8
Let x = 1359 - 1335. Let w be 1/(1/8*1). Calculate the greatest common divisor of w and x.
8
Suppose 4*f - 3*g - 967 = -8*g, -f = g - 243. Let v = -174 + f. What is the greatest common divisor of v and 111?
37
Suppose -5*k = -2*w + 21, -4*w = k - 5*k - 12. Let m(g) = -4*g + 3. Let j be m(w). What is the greatest common divisor of j and 33?
11
Let j be (-6)/3*(3 - 5)/2. Suppose 0 = -3*d - 12, 5*d = j*z - z - 37. What is the greatest common factor of z and 187?
17
Let i(o) = 6*o**2 - 79*o - 2. Let p be i(18). Calculate the highest common factor of p and 40.
40
Suppose 64 - 164 = -4*v. What is the highest common divisor of v and 5?
5
Let d be (-44)/(-6)*(-6)/(-4). What is the highest common divisor of d and 11?
11
Let s be 3 + 2*(2 + -1). Let j = -14 + 69. Suppose 0*d + d - j = 0. What is the greatest common divisor of s and d?
5
Let x be 222/36 - 2/12. Let m(z) = 12*z - 14. Let s be m(x). Calculate the greatest common divisor of 87 and s.
29
Let w be -25*(-1 - ((-32)/20 + 1)). Suppose w*y - 540 = -2*y. Calculate the highest common factor of y and 9.
9
Let k(f) be the first derivative of -f**2/2 + 30*f + 12. Let o be k(10). What is the greatest common divisor of 8 and o?
4
Let g(q) = 5*q**2 - 2*q - 4. Let a be g(6). Let d = -152 + a. Calculate the highest common divisor of d and 288.
12
Let i(r) = -9 - r**2 - r - 7 - 12*r. Let u be i(-11). Let f(n) = n**3 - 4*n**2 - 10*n + 8. Let p be f(u). What is the highest common divisor of p and 180?
20
Suppose 0 = -0*h + h - 42. Suppose -4*r = -5*b, 0 = -r - 3*b + 4*b. Let t be (-231)/(-11)*(r + 1). Calculate the highest common divisor of h and t.
21
Let r be (3/2)/(6/12). Suppose 0 = -c + r*j + 18, 2*j - 2 = -2*c - 6. Suppose 2*d = 6, c*v - d - 80 = -11. What is the highest common factor of 8 and v?
8
Let v = 412 + -390. Calculate the highest common factor of 11 and v.
11
Let a(w) = 5*w**2 - 2*w + 1. Let d be a(1). Suppose -2*f - 5*o = 16, 4*f = -4*o - o - 12. What is the greatest common divisor of f and d?
2
Let g(c) = c**2 + 2*c - 2. Let y be g(4). Let k(r) = -6 + 3 - 7 - 63*r. Let b be k(-4). What is the greatest common divisor of y and b?
22
Suppose -432 = -11*k - k. Calculate the greatest common divisor of 588 and k.
12
Suppose -180 = -3*d - 2*p - 42, p = -2*d + 92. What is the greatest common divisor of d and 46?
46
Suppose -47*z + 1223 + 845 = 0. Calculate the greatest common factor of z and 12.
4
Let m(u) = 2*u**2 - 16*u - 5. Let i be m(10). Calculate the highest common divisor of 21 and i.
7
Suppose 228 = -11*c + 30*c. Calculate the greatest common factor of 300 and c.
12
Let u be 3269/(-49) - (-2)/(-7). Let d be 8 + u - (1 + -3). Let i = -32 - d. What is the highest common factor of i and 5?
5
Let v = -79 + 151. Let j be 16/40 + 86/10. Calculate the greatest common factor of v and j.
9
Let q(l) = 13*l**2 - 4*l - 4. Let f(j) = j**2 + 5*j - 8. Let v be f(-6). Let x be q(v). Calculate the highest common factor of 8 and x.
8
Suppose h - 83 = -2*g, 2*g = h + 5*g - 87. Calculate the highest common divisor of h and 6.
3
Suppose -42 = 5*o - 7*o - 3*h, 4*h + 82 = 5*o. What is the greatest common divisor of 66 and o?
6
Suppose 4*g + 3*i - 20 = -78, 4*i = 2*g + 40. Let p = -37 + 23. Let b = p - g. What is the highest common factor of 3 and b?
1
Let j = 5788 + -3444. What is the highest common divisor of 8 and j?
8
Let q = 3508 + -2221. What is the greatest common divisor of 33 and q?
33
Let g be 3*(64/6)/4. Suppose 299*p - 307*p = -320. Calculate the greatest common factor of g and p.
8
Suppose 9 + 1 = 2*s. Suppose s - 1 = 2*f. Let l be 12/(f + (-3)/2). What is the greatest common divisor of 12 and l?
12
Let w = 271 - 260. Calculate the highest common factor of w and 121.
11
Let k(u) = u + 17 - 5*u**2 + u**2 + 3*u**2. Let j be k(0). Suppose 0*a = 3*a + 4*b - 412, -a = 4*b - 140. What is the greatest common factor of a and j?
17
Let g(x) = x**3 - 12*x**2 + 10*x + 13. Let i = 8 - -3. Let s be g(i). Let y be (-252)/(-20) + s/5. What is the greatest common divisor of y and 13?
13
Suppose 1248 = 3*n - a, -2*n - 3*n = 4*a - 2080. Calculate the greatest common divisor of 13 and n.
13
Let m = -746 + 881. Calculate the greatest common factor of 54 and m.
27
Suppose -4*x - 57 = 5*w - 6*w, -4*w - 4*x = -328. What is the highest common factor of w and 1771?
77
Let v be 234/36 + (-1)/2. Suppose -f = -6*f - 40. Let i be 2/f + (-363)/(-12). What is the highest common divisor of i and v?
6
Suppose -4*p + 5*l = -251, -2*p - 5*l - 8 = -111. What is the highest common factor of p and 1?
1
Suppose 0 = -665*n + 657*n + 1320. Calculate the greatest common divisor of n and 55.
55
Let n(s) = s**2 - 12*s + 46. Let i be n(13). What is the highest common factor of 59 and i?
59
Let n(t) = t + 12. Let g be n(-10). Suppose -g*m = -4*m + 24. Suppose -m*c - 12 = -15*c. Calculate the highest common factor of c and 36.
4
Let u(h) = 8*h + 42. Suppose -96 = -3*p - p. Let q be u(p). Calculate the greatest common factor of 26 and q.
26
Suppose -33*g = -5017 - 13463. What is the highest common factor of 400 and g?
80
Let a be -6*(-24)/(-9)*(-15)/6. Calculate the greatest common factor of 140 and a.
20
Let o be (-4 + 3 + -38)*-3. What is the greatest common divisor of o and 9?
9
Let b(i) = 29*i + 1. Let a be b(1). Suppose l = 3*o + 69, 2*o + 296 = 3*l + l. Calculate the greatest common factor of l and a.
15
Let z = 269 + -217. What is the highest common divisor of z and 390?
26
Suppose 5*d - 204 - 66 = 0. What is the highest common divisor of 54 and d?
54
Let z = 168 - 87. Let i be z/(2 - 1) - 1. Calculate the greatest common divisor of 10 and i.
10
Let k be ((-12)/18)/(7300/1044 + -7). Calculate the greatest co